46995.
5, 31, 3529
List the prime factors of 105956.
2, 26489
What are the prime factors of 121609?
121609
List the prime factors of 9698170.
2, 5, 19, 51043
List the prime factors of 7498481.
7498481
List the prime factors of 847199.
31, 27329
List the prime factors of 812696.
2, 29, 31, 113
List the prime factors of 148592.
2, 37, 251
What are the prime factors of 1217858?
2, 101, 6029
List the prime factors of 330042.
2, 3, 67, 821
What are the prime factors of 683904?
2, 3, 13, 137
List the prime factors of 59473.
59473
What are the prime factors of 1514664?
2, 3, 109, 193
List the prime factors of 2997018.
2, 3, 31, 41, 131
List the prime factors of 3045827.
461, 6607
List the prime factors of 1695485.
5, 11, 29, 1063
List the prime factors of 3019785.
3, 5, 23, 8753
List the prime factors of 68071.
68071
What are the prime factors of 209197?
47, 4451
List the prime factors of 21737.
21737
What are the prime factors of 4392454?
2, 11, 199657
List the prime factors of 3321743.
31, 83, 1291
What are the prime factors of 1435358?
2, 717679
What are the prime factors of 22516340?
2, 5, 7, 11, 14621
What are the prime factors of 4273659?
3, 13, 36527
List the prime factors of 467876.
2, 116969
What are the prime factors of 4781196?
2, 3, 7, 18973
What are the prime factors of 973862?
2, 17, 28643
What are the prime factors of 11351212?
2, 2837803
What are the prime factors of 409961?
409961
List the prime factors of 15980336.
2, 661, 1511
What are the prime factors of 4286074?
2, 13, 17, 9697
What are the prime factors of 23334536?
2, 769, 3793
What are the prime factors of 880785?
3, 5, 23, 37
List the prime factors of 4569364.
2, 23, 49667
List the prime factors of 105074.
2, 107, 491
What are the prime factors of 676797?
3, 11, 20509
List the prime factors of 660823.
29, 22787
List the prime factors of 111342.
2, 3, 7, 11, 241
List the prime factors of 217493.
19, 11447
What are the prime factors of 17787627?
3, 11, 13, 17, 271
What are the prime factors of 1948919?
7, 139, 2003
What are the prime factors of 23842181?
11, 2167471
What are the prime factors of 5923627?
23, 29, 83, 107
What are the prime factors of 26145618?
2, 3, 23, 41, 4621
What are the prime factors of 7147025?
5, 263, 1087
List the prime factors of 1738329.
3, 19, 30497
List the prime factors of 740690.
2, 5, 17, 4357
What are the prime factors of 1691503?
11, 367, 419
List the prime factors of 4162858.
2, 7, 17, 17491
What are the prime factors of 15147097?
7, 37, 233, 251
List the prime factors of 4207902.
2, 3, 61, 11497
List the prime factors of 253500.
2, 3, 5, 13
List the prime factors of 38575031.
11, 101, 34721
List the prime factors of 825277.
825277
What are the prime factors of 105725?
5, 4229
What are the prime factors of 4276152?
2, 3, 6599
What are the prime factors of 1381302?
2, 3, 13, 5903
What are the prime factors of 492068?
2, 123017
List the prime factors of 175752.
2, 3, 2441
List the prime factors of 580978.
2, 290489
List the prime factors of 2341488.
2, 3, 48781
What are the prime factors of 305803?
305803
What are the prime factors of 1035071?
947, 1093
What are the prime factors of 60599?
7, 11, 787
List the prime factors of 79065.
3, 5, 7, 251
What are the prime factors of 9672432?
2, 3, 7, 11, 2617
What are the prime factors of 430005?
3, 5, 109, 263
What are the prime factors of 20442?
2, 3, 3407
What are the prime factors of 99048?
2, 3, 4127
What are the prime factors of 156412?
2, 39103
List the prime factors of 348775.
5, 7, 1993
What are the prime factors of 481289?
19, 73, 347
What are the prime factors of 218401?
218401
List the prime factors of 1640862.
2, 3, 91159
List the prime factors of 1977715.
5, 395543
List the prime factors of 530004.
2, 3, 29, 1523
List the prime factors of 4126208.
2, 8059
What are the prime factors of 1133062?
2, 7, 80933
What are the prime factors of 173358?
2, 3, 9631
List the prime factors of 85227.
3, 28409
List the prime factors of 31600092.
2, 3, 83, 31727
What are the prime factors of 21434348?
2, 13, 17, 24247
What are the prime factors of 1200788?
2, 89, 3373
What are the prime factors of 124670?
2, 5, 7, 13, 137
What are the prime factors of 56258?
2, 23, 1223
List the prime factors of 164635.
5, 19, 1733
List the prime factors of 1921054.
2, 960527
What are the prime factors of 29328523?
7, 317, 13217
What are the prime factors of 839476?
2, 11, 19079
What are the prime factors of 14276838?
2, 3, 17, 139969
What are the prime factors of 18705304?
2, 17, 79, 1741
List the prime factors of 7196086.
2, 347, 10369
List the prime factors of 715328.
2, 11177
List the prime factors of 29772.
2, 3, 827
What are the prime factors of 290929?
59, 4931
What are the prime factors of 18104536?
2, 2263067
List the prime factors of 201880.
2, 5, 7, 103
List the prime factors of 138631.
157, 883
List the prime factors of 1665839.
7, 237977
What are the prime factors of 1421823?
3, 13, 36457
List the prime factors of 39686.
2, 19843
What are the prime factors of 7517778?
2, 3, 1252963
What are the prime factors of 2596445?
5, 19, 151, 181
What are the prime factors of 14048037?
3, 1560893
What are the prime factors of 2568137?
11, 13, 17959
What are the prime factors of 19147?
41, 467
What are the prime factors of 120183?
3, 7, 59, 97
List the prime factors of 6497595.
3, 5, 13, 29, 383
List the prime factors of 742232.
2, 92779
List the prime factors of 3306964.
2, 131, 6311
What are the prime factors of 87822?
2, 3, 7, 17, 41
What are the prime factors of 52174?
2, 19, 1373
List the prime factors of 56080.
2, 5, 701
What are the prime factors of 10240?
2, 5
List the prime factors of 656784.
2, 3, 4561
List the prime factors of 10570687.
10570687
What are the prime factors of 310273?
310273
What are the prime factors of 168387?
3, 37, 41
What are the prime factors of 18632744?
2, 13, 179161
List the prime factors of 5668136.
2, 708517
What are the prime factors of 813802?
2, 11, 71, 521
What are the prime factors of 646342?
2, 19, 73, 233
List the prime factors of 3063610.
2, 5, 11, 27851
List the prime factors of 21322498.
2, 10661249
List the prime factors of 3445343.
11, 97, 3229
What are the prime factors of 37170334?
2, 18585167
List the prime factors of 893386.
2, 13, 34361
What are the prime factors of 5716332?
2, 3, 5881
List the prime factors of 208491.
3, 69497
What are the prime factors of 3424367?
389, 8803
List the prime factors of 181720.
2, 5, 7, 11, 59
List the prime factors of 16534077.
3, 7, 787337
What are the prime factors of 259393?
47, 5519
What are the prime factors of 2578913?
523, 4931
List the prime factors of 492002.
2, 7, 113, 311
What are the prime factors of 12869454?
2, 3, 13, 139, 1187
What are the prime factors of 62649?
3, 6961
What are the prime factors of 661924?
2, 127, 1303
List the prime factors of 75643.
67, 1129
List the prime factors of 93697.
43, 2179
List the prime factors of 150833.
150833
What are the prime factors of 310048?
2, 9689
List the prime factors of 3599018.
2, 19, 53, 1787
What are the prime factors of 381695?
5, 97, 787
What are the prime factors of 206140?
2, 5, 11, 937
List the prime factors of 171676.
2, 167, 257
What are the prime factors of 495478?
2, 247739
List the prime factors of 3987584.
2, 31153
List the prime factors of 304247.
19, 67, 239
List the prime factors of 5592107.
43, 47, 2767
List the prime factors of 274389.
3, 91463
List the prime factors of 291891.
3, 149, 653
What are the prime factors of 21265160?
2, 5, 7, 173, 439
List the prime factors of 756048.
2, 3, 19, 829
List the prime factors of 441897.
3, 147299
List the prime factors of 15225826.
2, 7, 11, 98869
What are the prime factors of 944383?
11, 85853
What are the prime factors of 9610813?
9610813
List the prime factors of 5967124.
2, 71, 21011
What are the prime factors of 196860?
2, 3, 5, 17, 193
List the prime factors of 17593969.
1801, 9769
List the prime factors of 69796.
2, 17449
What are the prime factors of 9026047?
29, 547, 569
List the prime factors of 10303.
10303
List the prime factors of 126147.
3, 7, 6007
List the prime factors of 1729613.
127, 13619
What are the prime factors of 6189094?
2, 107, 28921
List the prime factors of 15303731.
181, 84551
What are